{"id":1614,"date":"2022-03-07T17:30:19","date_gmt":"2022-03-07T16:30:19","guid":{"rendered":"https:\/\/edulead.net\/orgpaed2023\/?page_id=1614"},"modified":"2022-10-13T11:02:52","modified_gmt":"2022-10-13T09:02:52","slug":"thema","status":"publish","type":"page","link":"https:\/\/edulead.net\/orgpaed2023\/thema\/","title":{"rendered":"Thema"},"content":{"rendered":"<p><strong>Das Thema der Jahrestagung 2023 der Sektion Organisationsp\u00e4dagogik lautet: Organisation und Innovation.<\/strong><\/p>\n<p>Der Begriff der Innovation adressiert die Dimension des Neuen. Innovation grenzt sich von Vorhandenem ab. Innovation setzt Generierung, \u00dcbersetzung und Anwendung neuen Wissens und damit Handlungspraktiken des Wissensmanagements voraus. Voraussetzungen f\u00fcr Innovation sind Kreativit\u00e4t und Offenheit im individuellen und kollektiven organisationalen Kontext. In Organisationen ist Innovation daher untrennbar mit organisationalem Lernen verkn\u00fcpft. Innovationen in Organisationen sind nicht zuletzt (organisations-)p\u00e4dagogische Prozesse.<\/p>\n<p>Innovationen k\u00f6nnen sich in Organisationen auf die Erneuerung von Aufgaben, Inhalten oder Programmen, von Personen oder Prozessen der Organisation selbst beziehen. Sowohl die Ebene des Gesellschaftssystems (Makroebene), die Ebene der Organisation (Mesoebene) oder die Ebene der sozialen Interaktion (Mikroebene) k\u00f6nnen dabei als Bezugspunkte fungieren. Als organisationale Lernprozesse k\u00f6nnen Innovationen das Ergebnis sowohl (1) gezielter und geplanter als auch (2) emergenter Prozesse sein.<\/p>\n<p>Strukturanalog zu unterschiedlichen Ebenen organisationalen Lernens kann zwischen unterschiedlichen Innovationsgraden, insbesondere disruptiven und erhaltenden oder inkrementellen und radikalen Innovationen unterschieden werden. Daraus l\u00e4sst sich die Hypothese ableiten, dass Innovationen Lernprozesse voraussetzen. Diese k\u00f6nnen durch p\u00e4dagogische Prozesse der Lernunterst\u00fctzung gef\u00f6rdert werden.<\/p>\n<p>Das Repertoire gezielter und geplanter Prozesse reicht hier von Formen der Organisationsentwicklung wie z.B. des \u201aChange Management\u2018 \u00fcber Konzepte \u201aLernender Organisation\u2018 bis hin zu Ans\u00e4tzen des \u201aInnovationsmanagements\u2018. Die kontinuierliche Entwicklung von technischen, sozialen oder \u00f6konomischen Innovationen gilt als zentrale Aufgabe von Organisationen unter Wettbewerbsbedingungen, u.a. um ihr \u00f6konomisches \u00dcberleben zu sichern. Im besten Fall werden Innovationsprozesse aber von Neugier, Kreativit\u00e4t und Lust auf Erneuerung gespeist und f\u00fchren zu neuen Erkenntnissen oder L\u00f6sungswegen bzw. L\u00f6sungen. Ungeplante und emergente Innovationsprozesse werden u.a. im Zusammenhang mit der evolution\u00e4ren Entwicklung von Organisationen oder als Ergebnis von Anpassungen an krisenhafte Umwelten untersucht. Dies hat sich in eindringlicher Weise anhand der pandemischen Situation der vergangenen zwei Jahre gezeigt, von der nicht zuletzt der Bildungsbereich in besonderer Weise betroffen war.<\/p>\n<p>Daraus resultiert insbesondere die Frage, wie sowohl intentional angesto\u00dfene Ver\u00e4nderungsprozesse als auch unvermittelt notwendig werdende Krisenbew\u00e4ltigungsstrategien f\u00fcr eine zeitgem\u00e4\u00dfe Lern- und Organisationsgestaltung genutzt werden k\u00f6nnen. Die Fruchtbarmachung von Innovationsprozessen in Organisationen ist dabei auf Planung, Kontrolle und Emergenz als Form und Effekt organisationaler Verfasstheit verwiesen: Organisationale Strukturen sind auf die Sicherung von Ergebnisqualit\u00e4t, auf Routinen, die Verl\u00e4sslichkeit von Prozessen und die Erwartbarkeit von Ergebnissen ausgelegt. Innovationen aber verlangen nach Unterbrechung von Routinen, beinhalten unerwartete Ergebnisse, bed\u00fcrfen der Risikobereitschaft und einer gewissen Fehlertoleranz. Ihrem Charakter nach sind sie deviant i.S. der Abweichung von \u00fcblichen Prozessen der Organisation. Nicht zuletzt diese Spannung macht die Auseinandersetzung mit dem Ph\u00e4nomen der Innovation aus organisationsp\u00e4dagogischer Perspektive so interessant.<\/p>\n<p>Anschlussf\u00e4hig ist hier beispielsweise ein organisationsp\u00e4dagogisches Interesse an Formen der Emergenz sowie der geplanten Unterst\u00fctzung von Innovationen <em>in<\/em>, <em>von <\/em>und<em> zwischen<\/em> Organisationen. In Erg\u00e4nzung zur Untersuchung emergenter Hervorbringung von Innovationen gilt das Interesse geplanten Formen organisationaler Unterst\u00fctzung von Innovationsentwicklung. Hierzu geh\u00f6ren organisationale Prozesse des Innovationsmanagements, die Einrichtung besonderer Strukturen, Praktiken der Innovationsentwicklung oder auch die organisationale Verbreitung von Handlungsmethoden zur Innovationsf\u00f6rderung. Als Formen geplanter organisationaler Unterst\u00fctzung zur Innovationsentwicklung sind diese zwar in der Privatwirtschaft zwischenzeitlich weit verbreitet, im Bildungs- und Sozialbereich jedoch noch in einer fr\u00fchen Entwicklungs- und Verbreitungsphase. Die Planung entsprechender Unterst\u00fctzungsma\u00dfnahmen kann dabei zum einen <em>top down<\/em> durch politische Ver\u00e4nderungen veranlasst sein. Zum anderen k\u00f6nnen Visionen f\u00fcr die Zukunft der Bildung mit entsprechenden innovativen Projekten und Initiativen durch verschiedene Akteur*innen aus Bildungspolitik, -praxis und Wissenschaft <em>bottom up<\/em> auf den Weg gebracht werden.<\/p>\n<p>Innovationsprozesse in Organisationen sind mit unterschiedlichen Herausforderungen konfrontiert, die den Prozess entweder verlangsamen oder sogar zum Erliegen bringen k\u00f6nnen. Dazu geh\u00f6ren einerseits Widerst\u00e4nde und Tr\u00e4gheit der Organisation oder deren Mitglieder, andererseits externe Faktoren wie beispielsweise soziokulturelle Normen und Werte. Daher sollen neben den Aspekten der Emergenz und F\u00f6rderung im Weiteren auch Hindernisse, Blockaden und Widerst\u00e4nde bis hin zum Scheitern von Innovationsprozessen adressiert werden. Im Hinblick auf Rolle, Funktion(en) und Bedeutung von Organisationen als zentralen Tr\u00e4gern des kulturellen und gesellschaftlichen Wandels gilt es, diese Denk- und Handlungsperspektiven kritisch zu diskutieren, empirisch zu belegen und konzeptionell weiterzuentwickeln.<\/p>\n<p>Innovationen lassen sich in Organisationen deshalb in vielf\u00e4ltiger Weise analysieren und diskutieren: Ankn\u00fcpfungspunkt k\u00f6nnen Gegenstand und Beschaffenheit von Innovationen sein, die Rahmenbedingungen der Organisation sowie deren Wechselspiel. Insbesondere ist eine kulturph\u00e4nomenologische Betrachtungsweise interessant, die \u00fcber Strukturen und Prozesse hinausgeht und weitere, der Organisation in ihrer Grammatik innewohnende Wirkungszusammenh\u00e4nge identifiziert. Zudem k\u00f6nnen sie untersucht werden hinsichtlich impliziter und expliziter Strategien des Organisationsmanagements. Innovation sind an Ressourcen gebunden: zeitliche Ressourcen, Ausstattungen, insbesondere in personeller und s\u00e4chlicher Form, damit geht es um Kompetenzen, Motivation und Fragen von Professionalit\u00e4t und Professionalisierung bei den Akteuren der Organisation. Innovation ist auch abh\u00e4ngig vom Umfeld der Organisation.<\/p>\n<p>Die Struktur der Tagung sieht die Bearbeitung des Themas <strong>Organisation und Innovation<\/strong> zu folgenden Schwerpunkten vor:<\/p>\n<ol>\n<li><strong>Theoretische Verh\u00e4ltnisbestimmungen von Organisation und Innovation.<\/strong><br \/>\nHier werden grundlegende p\u00e4dagogische und interdisziplin\u00e4re Beitr\u00e4ge gesammelt, die sich mit der Konzeptualisierung von Organisation und Innovation aus organisationsp\u00e4dagogischer und weiterer subdisziplin\u00e4rer bzw. interdisziplin\u00e4rer Perspektive auseinandersetzen. Dabei stehen auch <em>Soziale Innovationen<\/em> im Fokus, da ihnen in p\u00e4dagogischen Organisationen und Organisationen der Hilfe eine besondere Bedeutung zukommt.<\/li>\n<li><strong>Empirische und vergleichende Untersuchungen zum Verh\u00e4ltnis von Organisation und Innovation, insbesondere in Hinblick auf Erfolg und Scheitern. <\/strong>Im Fokus stehen hier aktuelle methodologische Strategien und Zug\u00e4nge von empirischen und vergleichenden Untersuchungen zum Verh\u00e4ltnis von Organisation und Innovation. Dabei soll besonders <em>empirischen Arbeiten<\/em> Raum gegeben werden, die sich mit Erfolg und Scheitern von Innovationsprozessen in Organisationen besch\u00e4ftigen.<\/li>\n<li><strong>Historische Untersuchungen zum Verh\u00e4ltnis von Organisation und Innovation<\/strong>. Unter dieser Perspektive soll thematisiert werden, welche historisch und gesellschaftlich relevanten Ereignisse pr\u00e4gend waren f\u00fcr organisationales Lernen und Innovationen. Zudem sind hier auch Visionen zuk\u00fcnftiger Entwicklungen von Organisationen von Interesse. Zudem sind Untersuchungen willkommen, die einen Analysefokus auf Erfolg und Scheitern organisationaler Innovation legen. Der Umgang <em>mit<\/em> und die Bew\u00e4ltigung <em>von <\/em>Krise(n) kann hierbei einen Schwerpunkt bilden.<\/li>\n<li><strong>Innovation (in) der p\u00e4dagogischen Organisationsforschung.<\/strong> Hier besteht die M\u00f6glichkeit, Innovationen sowie Strategien des Innovierens im Forschungsbereich p\u00e4dagogischer Organisationsforschung zu pr\u00e4sentieren. Dabei interessiert beispielsweise, welche Forschungsdesign f\u00fcr die Untersuchung von Erfolg und Scheitern von Innovationen oder den Einfluss von Emergenz und Planung auf Innovationsprozesse entwickelt werden. Dar\u00fcber hinaus interessieren hier Forschungsdesigns und -ergebnisse, die sich mit der Besonderheit von Innovationsprozessen in p\u00e4dagogischen Organisationen besch\u00e4ftigen. Hierbei kann das Konzept <em>Sozialer Innovationen<\/em> zur Kl\u00e4rung dieser Besonderheiten beitragen.<\/li>\n<li><strong>Organisation und Innovation im Spannungsfeld des Forschungs-Praxis-Transfers. <\/strong>In letzter Zeit werden einerseits verst\u00e4rkt Erwartungen des Transfers wissenschaftlichen Wissens in die organisationale Innovationspraxis artikuliert. Andererseits suchen Organisationen Kontakt zu Forscher*innen, um sich von ihnen bei aktuellen Fragestellungen oder handlungsmethodischen Zug\u00e4ngen wissenschaftlich begleiten zu lassen. Hier stellen sich vor allem Fragen der wechselseitigen Anschlussf\u00e4higkeit, die hier diskutiert werden k\u00f6nnen. In diesem Zusammenhang stehen auch Fragen des strategischen Handelns und Leitungshandelns in Organisationen.<\/li>\n<\/ol>\n","protected":false},"excerpt":{"rendered":"<p>Das Thema der Jahrestagung 2023 der Sektion Organisationsp\u00e4dagogik lautet: Organisation und Innovation. Der Begriff der Innovation adressiert die Dimension des Neuen. Innovation grenzt sich von Vorhandenem ab. Innovation setzt Generierung, \u00dcbersetzung und Anwendung neuen Wissens und damit Handlungspraktiken des Wissensmanagements voraus. Voraussetzungen f\u00fcr Innovation sind Kreativit\u00e4t und Offenheit im individuellen und kollektiven organisationalen Kontext. In [&hellip;]<\/p>\n","protected":false},"author":1,"featured_media":1815,"parent":0,"menu_order":0,"comment_status":"closed","ping_status":"closed","template":"","meta":{"footnotes":""},"class_list":["post-1614","page","type-page","status-publish","has-post-thumbnail","hentry"],"yoast_head":"<!-- This site is optimized with the Yoast SEO plugin v27.1.1 - https:\/\/yoast.com\/product\/yoast-seo-wordpress\/ -->\n<title>Thema - Orgpaed2023<\/title>\n<meta name=\"robots\" content=\"index, follow, max-snippet:-1, max-image-preview:large, max-video-preview:-1\" \/>\n<link rel=\"canonical\" href=\"https:\/\/edulead.net\/orgpaed2023\/thema\/\" \/>\n<meta property=\"og:locale\" content=\"de_DE\" \/>\n<meta property=\"og:type\" content=\"article\" \/>\n<meta property=\"og:title\" content=\"Thema - Orgpaed2023\" \/>\n<meta property=\"og:description\" content=\"Das Thema der Jahrestagung 2023 der Sektion Organisationsp\u00e4dagogik lautet: Organisation und Innovation. Der Begriff der Innovation adressiert die Dimension des Neuen. Innovation grenzt sich von Vorhandenem ab. Innovation setzt Generierung, \u00dcbersetzung und Anwendung neuen Wissens und damit Handlungspraktiken des Wissensmanagements voraus. Voraussetzungen f\u00fcr Innovation sind Kreativit\u00e4t und Offenheit im individuellen und kollektiven organisationalen Kontext. In [&hellip;]\" \/>\n<meta property=\"og:url\" content=\"https:\/\/edulead.net\/orgpaed2023\/thema\/\" \/>\n<meta property=\"og:site_name\" content=\"Orgpaed2023\" \/>\n<meta property=\"article:modified_time\" content=\"2022-10-13T09:02:52+00:00\" \/>\n<meta property=\"og:image\" content=\"https:\/\/edulead.net\/orgpaed2023\/wp-content\/uploads\/sites\/10\/2022\/03\/DSC6991.jpg\" \/>\n\t<meta property=\"og:image:width\" content=\"1400\" \/>\n\t<meta property=\"og:image:height\" content=\"935\" \/>\n\t<meta property=\"og:image:type\" content=\"image\/jpeg\" \/>\n<meta name=\"twitter:card\" content=\"summary_large_image\" \/>\n<meta name=\"twitter:label1\" content=\"Gesch\u00e4tzte Lesezeit\" \/>\n\t<meta name=\"twitter:data1\" content=\"6\u00a0Minuten\" \/>\n<script type=\"application\/ld+json\" class=\"yoast-schema-graph\">{\"@context\":\"https:\/\/schema.org\",\"@graph\":[{\"@type\":\"WebPage\",\"@id\":\"https:\/\/edulead.net\/orgpaed2023\/thema\/\",\"url\":\"https:\/\/edulead.net\/orgpaed2023\/thema\/\",\"name\":\"Thema - Orgpaed2023\",\"isPartOf\":{\"@id\":\"https:\/\/edulead.net\/orgpaed2023\/#website\"},\"primaryImageOfPage\":{\"@id\":\"https:\/\/edulead.net\/orgpaed2023\/thema\/#primaryimage\"},\"image\":{\"@id\":\"https:\/\/edulead.net\/orgpaed2023\/thema\/#primaryimage\"},\"thumbnailUrl\":\"https:\/\/edulead.net\/orgpaed2023\/wp-content\/uploads\/sites\/10\/2022\/03\/DSC6991.jpg\",\"datePublished\":\"2022-03-07T16:30:19+00:00\",\"dateModified\":\"2022-10-13T09:02:52+00:00\",\"breadcrumb\":{\"@id\":\"https:\/\/edulead.net\/orgpaed2023\/thema\/#breadcrumb\"},\"inLanguage\":\"de\",\"potentialAction\":[{\"@type\":\"ReadAction\",\"target\":[\"https:\/\/edulead.net\/orgpaed2023\/thema\/\"]}]},{\"@type\":\"ImageObject\",\"inLanguage\":\"de\",\"@id\":\"https:\/\/edulead.net\/orgpaed2023\/thema\/#primaryimage\",\"url\":\"https:\/\/edulead.net\/orgpaed2023\/wp-content\/uploads\/sites\/10\/2022\/03\/DSC6991.jpg\",\"contentUrl\":\"https:\/\/edulead.net\/orgpaed2023\/wp-content\/uploads\/sites\/10\/2022\/03\/DSC6991.jpg\",\"width\":1400,\"height\":935},{\"@type\":\"BreadcrumbList\",\"@id\":\"https:\/\/edulead.net\/orgpaed2023\/thema\/#breadcrumb\",\"itemListElement\":[{\"@type\":\"ListItem\",\"position\":1,\"name\":\"Startseite\",\"item\":\"https:\/\/edulead.net\/orgpaed2023\/\"},{\"@type\":\"ListItem\",\"position\":2,\"name\":\"Thema\"}]},{\"@type\":\"WebSite\",\"@id\":\"https:\/\/edulead.net\/orgpaed2023\/#website\",\"url\":\"https:\/\/edulead.net\/orgpaed2023\/\",\"name\":\"Orgpaed2023\",\"description\":\"\",\"potentialAction\":[{\"@type\":\"SearchAction\",\"target\":{\"@type\":\"EntryPoint\",\"urlTemplate\":\"https:\/\/edulead.net\/orgpaed2023\/?s={search_term_string}\"},\"query-input\":{\"@type\":\"PropertyValueSpecification\",\"valueRequired\":true,\"valueName\":\"search_term_string\"}}],\"inLanguage\":\"de\"}]}<\/script>\n<!-- \/ Yoast SEO plugin. -->","yoast_head_json":{"title":"Thema - Orgpaed2023","robots":{"index":"index","follow":"follow","max-snippet":"max-snippet:-1","max-image-preview":"max-image-preview:large","max-video-preview":"max-video-preview:-1"},"canonical":"https:\/\/edulead.net\/orgpaed2023\/thema\/","og_locale":"de_DE","og_type":"article","og_title":"Thema - Orgpaed2023","og_description":"Das Thema der Jahrestagung 2023 der Sektion Organisationsp\u00e4dagogik lautet: Organisation und Innovation. Der Begriff der Innovation adressiert die Dimension des Neuen. Innovation grenzt sich von Vorhandenem ab. Innovation setzt Generierung, \u00dcbersetzung und Anwendung neuen Wissens und damit Handlungspraktiken des Wissensmanagements voraus. Voraussetzungen f\u00fcr Innovation sind Kreativit\u00e4t und Offenheit im individuellen und kollektiven organisationalen Kontext. In [&hellip;]","og_url":"https:\/\/edulead.net\/orgpaed2023\/thema\/","og_site_name":"Orgpaed2023","article_modified_time":"2022-10-13T09:02:52+00:00","og_image":[{"width":1400,"height":935,"url":"https:\/\/edulead.net\/orgpaed2023\/wp-content\/uploads\/sites\/10\/2022\/03\/DSC6991.jpg","type":"image\/jpeg"}],"twitter_card":"summary_large_image","twitter_misc":{"Gesch\u00e4tzte Lesezeit":"6\u00a0Minuten"},"schema":{"@context":"https:\/\/schema.org","@graph":[{"@type":"WebPage","@id":"https:\/\/edulead.net\/orgpaed2023\/thema\/","url":"https:\/\/edulead.net\/orgpaed2023\/thema\/","name":"Thema - Orgpaed2023","isPartOf":{"@id":"https:\/\/edulead.net\/orgpaed2023\/#website"},"primaryImageOfPage":{"@id":"https:\/\/edulead.net\/orgpaed2023\/thema\/#primaryimage"},"image":{"@id":"https:\/\/edulead.net\/orgpaed2023\/thema\/#primaryimage"},"thumbnailUrl":"https:\/\/edulead.net\/orgpaed2023\/wp-content\/uploads\/sites\/10\/2022\/03\/DSC6991.jpg","datePublished":"2022-03-07T16:30:19+00:00","dateModified":"2022-10-13T09:02:52+00:00","breadcrumb":{"@id":"https:\/\/edulead.net\/orgpaed2023\/thema\/#breadcrumb"},"inLanguage":"de","potentialAction":[{"@type":"ReadAction","target":["https:\/\/edulead.net\/orgpaed2023\/thema\/"]}]},{"@type":"ImageObject","inLanguage":"de","@id":"https:\/\/edulead.net\/orgpaed2023\/thema\/#primaryimage","url":"https:\/\/edulead.net\/orgpaed2023\/wp-content\/uploads\/sites\/10\/2022\/03\/DSC6991.jpg","contentUrl":"https:\/\/edulead.net\/orgpaed2023\/wp-content\/uploads\/sites\/10\/2022\/03\/DSC6991.jpg","width":1400,"height":935},{"@type":"BreadcrumbList","@id":"https:\/\/edulead.net\/orgpaed2023\/thema\/#breadcrumb","itemListElement":[{"@type":"ListItem","position":1,"name":"Startseite","item":"https:\/\/edulead.net\/orgpaed2023\/"},{"@type":"ListItem","position":2,"name":"Thema"}]},{"@type":"WebSite","@id":"https:\/\/edulead.net\/orgpaed2023\/#website","url":"https:\/\/edulead.net\/orgpaed2023\/","name":"Orgpaed2023","description":"","potentialAction":[{"@type":"SearchAction","target":{"@type":"EntryPoint","urlTemplate":"https:\/\/edulead.net\/orgpaed2023\/?s={search_term_string}"},"query-input":{"@type":"PropertyValueSpecification","valueRequired":true,"valueName":"search_term_string"}}],"inLanguage":"de"}]}},"_links":{"self":[{"href":"https:\/\/edulead.net\/orgpaed2023\/wp-json\/wp\/v2\/pages\/1614","targetHints":{"allow":["GET"]}}],"collection":[{"href":"https:\/\/edulead.net\/orgpaed2023\/wp-json\/wp\/v2\/pages"}],"about":[{"href":"https:\/\/edulead.net\/orgpaed2023\/wp-json\/wp\/v2\/types\/page"}],"author":[{"embeddable":true,"href":"https:\/\/edulead.net\/orgpaed2023\/wp-json\/wp\/v2\/users\/1"}],"replies":[{"embeddable":true,"href":"https:\/\/edulead.net\/orgpaed2023\/wp-json\/wp\/v2\/comments?post=1614"}],"version-history":[{"count":5,"href":"https:\/\/edulead.net\/orgpaed2023\/wp-json\/wp\/v2\/pages\/1614\/revisions"}],"predecessor-version":[{"id":2129,"href":"https:\/\/edulead.net\/orgpaed2023\/wp-json\/wp\/v2\/pages\/1614\/revisions\/2129"}],"wp:featuredmedia":[{"embeddable":true,"href":"https:\/\/edulead.net\/orgpaed2023\/wp-json\/wp\/v2\/media\/1815"}],"wp:attachment":[{"href":"https:\/\/edulead.net\/orgpaed2023\/wp-json\/wp\/v2\/media?parent=1614"}],"curies":[{"name":"wp","href":"https:\/\/api.w.org\/{rel}","templated":true}]}}